t is the tens digit of i?
4
Suppose -2*i = 5*v - 0*i + 60, 3*v + 55 = -5*i. Let k = -90 + 82. What is the tens digit of (-2)/(64/34 - (k - v))?
1
Let i(t) be the third derivative of 0 - 3*t**2 + 0*t**4 + 0*t + 59/60*t**5 + 0*t**3. What is the units digit of i(-1)?
9
Let c(r) = -4*r**2 + 6 - 5*r**3 - 9*r + 3*r**2 + 13*r. What is the tens digit of c(-4)?
9
Let f = -630 + 123. Let u = f - -540. What is the units digit of u?
3
Suppose 21*u - 1315138 = -8602. What is the thousands digit of u?
2
Suppose -17*l + 19*l + 3*i = 13, 2*l = 4*i - 8. Suppose 1452 - 159 = d - c, -l*d + 3*c + 2583 = 0. What is the hundreds digit of d?
2
Let y = -29993 + 51316. What is the thousands digit of y?
1
Suppose 59016 = 53*q - 26754 - 182940. What is the hundreds digit of q?
0
Let p(s) be the second derivative of -s**5/20 - 17*s**4/12 - 5*s**3/3 - 23*s**2/2 + 4*s. Let f be p(-17). Let q = f + -103. What is the tens digit of q?
4
Let t(v) = -v**3 + 16*v**2 + 3*v - 40. Let x be t(16). What is the hundreds digit of x + -8 - (-329)/1?
3
Let t(j) = -2*j**2 - 4*j + 4. Let s be t(-2). Suppose -3*z + 8*z = 20, 414 = 2*u - s*z. What is the tens digit of u?
1
Let b(q) = 3*q**2 - 28*q - 47. Let t be b(23). Suppose 0*m - m - 1336 = -3*g, -2*g - 2*m + t = 0. What is the hundreds digit of g?
4
Let z = 128 + -125. Let q be -105 + z + (-4)/2. Let h = q - -184. What is the units digit of h?
0
Suppose -k - 3*j = -12, -4*k = -9*k - j + 46. Let l = -582 - -1122. Suppose -l = 4*q - k*q. What is the hundreds digit of q?
1
Let z(n) = n**3 + 10*n**2 - 23*n + 15. Let m be z(-12). Suppose 0*c - g + 160 = 4*c, m*c - 120 = 4*g. What is the tens digit of c?
4
Suppose -5*g - 1239 = -2*g + 3*v, 4*g + v + 1658 = 0. Let s be (5*3/(-9))/((-1)/(-165)). Let o = s - g. What is the units digit of o?
0
Let r(f) = 61*f**3 - f**2 + f + 5. Let w be r(3). Suppose 4*z - 5*n - w = 44, n = -z + 427. What is the units digit of z?
5
Let u(l) = 46*l - 119. Let h be u(3). Suppose -h*c - 2*c = -6636. What is the hundreds digit of c?
3
Suppose 4*g + g = -3*g + 80376. What is the thousands digit of g?
0
Let w(t) = -3*t**3 - 17*t**2 + 3*t - 5. Let p be w(-6). Let q = p + -5. Suppose q = 3*u - 244. What is the units digit of u?
4
What is the hundreds digit of (15949*1/2 + -6)*(4 + -2)?
9
Let x be (1 - 8/6)/((-13)/312). Let s be ((-1)/(-2))/(4*1/x). Let t(u) = 9*u**3 + 2*u**2 - 1. What is the tens digit of t(s)?
1
Let z(q) = 60*q**3 - 5*q**2 + 259*q - 1482. What is the tens digit of z(6)?
5
Let l(z) = z**2 + 16*z + 11. Let u be l(-15). Let k be 3/u - 459/(-36). What is the tens digit of (8/k)/(2/93)?
3
Suppose -31*w + 29*w + 7160 = 0. Suppose -w = -41*j + 36*j. What is the hundreds digit of j?
7
Let k(h) = -h**3 - 125*h**2 + 66*h + 538. What is the hundreds digit of k(-126)?
0
Let o(a) = -a**2 + 11*a + 64. Let u be o(24). Let d = 251 + u. What is the units digit of d?
3
Let v(c) = c**2 - 12*c + 23. Let q = -50 + 61. Let o be v(q). Suppose 0 = o*s - 11*s - 40. What is the tens digit of s?
4
Let v be (-2)/(-4)*(8 - -2). Suppose 0 = q - 3, -v*t + 0*t = -2*q - 2009. What is the hundreds digit of t?
4
Let g(l) = l**3 + 3*l**2 + l - 1. Let v be g(-2). Let x be 5/v - ((-36)/4)/(-3). Suppose k - 164 = -3*z, -x*z + 0*z - 642 = -4*k. What is the units digit of k?
1
Let u(g) = -g**3 + 2*g**2 - 20*g + 21. Let j be u(7). Let x = -317 - j. What is the units digit of x?
7
Suppose -425*o = -407*o + 6660. Let b = o - -1069. What is the tens digit of b?
9
Let v = -39274 + 60818. What is the tens digit of v?
4
Let o = 1809 + -1277. Suppose 3*n + o = 5209. What is the tens digit of n?
5
Let j = 6058 - -5333. What is the thousands digit of j?
1
Let z(m) = -m**3 - 3*m**2 + 15*m + 15. Let u be z(-7). Let x(t) = 11*t**2 + 2*t. Let y be x(2). Let v = u - y. What is the units digit of v?
8
Suppose -30783 = -8*a + 13993. What is the thousands digit of a?
5
Let i = -310 - -313. Suppose 2*l - 1543 = z - 0*z, -3*z = i*l - 2337. What is the tens digit of l?
7
Let r(q) = -q**3 + 13*q**2 + 29*q + 7. Let h be (1 - -3)*6*(-15)/(-36). What is the units digit of r(h)?
7
Suppose 0 = 3*o + 4*s - 24940 - 13668, 128785 = 10*o - 5*s. What is the hundreds digit of o?
8
Let p(y) = 13*y**2 - 17*y - 162. What is the units digit of p(19)?
8
Suppose 133 + 47 = 3*m. Suppose -x = 3*c - m, -3*x + 8*x + 5*c - 350 = 0. Let o = -19 + x. What is the tens digit of o?
5
Let v(r) = 469*r + 4186. What is the hundreds digit of v(-8)?
4
Let o = 648 - 210. Let m = o + -20. What is the units digit of m?
8
Suppose -42*s + 37*s + 22276 = -43174. What is the thousands digit of s?
3
Suppose 23*g - 10 = 82. Suppose 3*a - 1593 = -3*s, -2*s = -g*a - 0*s + 2148. What is the hundreds digit of a?
5
Let y(l) = -l**3 - 2*l**2 + l - 1. Let b be y(-3). Suppose b*o - 2*h + 25 - 3 = 0, -3*h = -o - 7. Let s(c) = 7*c**2 + 3*c - 8. What is the tens digit of s(o)?
9
What is the tens digit of 4/6 + (2 - (-8008)/21)?
8
Let h(p) = 5*p**2 + 3*p + 4. Let w be h(-4). What is the units digit of 5229/w - (-18)/48?
3
Let i = 80 - 19. Let r = 36 - i. Let d = r - -76. What is the tens digit of d?
5
Let u(j) = 129*j**3 - 154*j**2 + 308*j + 4. What is the tens digit of u(2)?
3
Suppose 3*o + 2*p + 6816 = -1542, 4*o + 11144 = -p. Let u = -1610 - o. What is the units digit of u/32 - 10/(-8)?
8
Suppose -35586 = -3*d - u, -11854 = -d - 0*d - 3*u. What is the hundreds digit of d?
8
What is the thousands digit of ((-6136)/(-24))/((-22)/(-660))?
7
Let k(l) be the second derivative of 11*l**3/6 - 14*l**2 + 45*l + 10. Let q(w) = 2*w**2 + 5*w - 2. Let x be q(-4). What is the units digit of k(x)?
2
Let l = 4249 + 3815. What is the hundreds digit of l?
0
Suppose -10133 = 5*h + 6657. Let l be h/(-26) + (-20)/130 + 1. Let s = -45 + l. What is the units digit of s?
5
Let j be ((-7)/((-7)/(-68)) + 2)*-12. Suppose 0 = 5*v + 3*q - 1208 - 131, -3*v + j = -2*q. What is the hundreds digit of v?
2
Suppose 99*t + 50*t - 16454248 = -125*t. What is the thousands digit of t?
0
Let q = -31 - -3. Let m be (-48)/q - (-4)/14. Suppose 2*t = a + 137, -2*t - t + m*a + 207 = 0. What is the units digit of t?
7
Suppose -6*a + a = -35. Suppose a*y + 508 = 9*y. Suppose -2*b - 5*r = b - y, 292 = 4*b - 5*r. What is the units digit of b?
8
Suppose y - 3921 = -5*q + 1204, 0 = -3*q - 5*y + 3075. Suppose -5*o + q = -0*o. What is the tens digit of o?
0
Let h be (-1 + 0)/(4/(-16)). Suppose h = -j + 6. Let w(t) = 14*t**2 - t + 3. What is the tens digit of w(j)?
5
Suppose 462 + 4563 = 25*n. Suppose -12*a - n = -15*a. What is the units digit of a?
7
Let y(l) = l**3 - 8*l**2 - 33*l + 11. Let v be y(11). Suppose -15*a + 764 = -v*a. What is the tens digit of a?
9
Let l be (-5 + (-124)/(-24))*18. What is the units digit of (-466 + (l - 4))/(-1)?
7
Let w(r) = -r**3 - 18*r**2 - 16*r + 44. Suppose -4*c = s - 6*s + 72, 0 = 3*c - 4*s + 54. Let x be w(c). Let f = x - 125. What is the tens digit of f?
0
Suppose y = -3*t + 18848, 3*t + 37*y = 41*y + 18823. What is the hundreds digit of t?
2
Let s = 7206 - 4114. Suppose 59*z - 55*z = s. What is the tens digit of z?
7
Let i be (35/(-21))/1*-150. Let h = i - 9. What is the hundreds digit of h?
2
Suppose -6*m + 182 - 8 = 0. Suppose 4*o = -3*d - 11, -2*o - 2*o = -3*d + m. What is the tens digit of 88 - (-1 - d)/1?
9
Let o(u) be the first derivative of 17 - u**3 + 2*u**3 + 2*u - 3 - 1. What is the units digit of o(2)?
4
Let x(d) = d**3 + 4*d**2 + 3*d. Let m be x(-3). Suppose m = 5*h + 2*h - 84. Suppose 340 = 17*b - h*b. What is the tens digit of b?
6
Let s be 174/(-1 + (0 - 0)). Let m be -2 + (1 - 0) - (s + 0). Suppose 4*v = 4*g + 304, 0 = 2*v - 2*g + 7*g - m. What is the tens digit of v?
7
Suppose 2*n - 3*x = 6853, 4*x - 4982 - 5323 = -3*n. What is the units digit of n?
1
Let d(c) = -327*c - 283. Let q be d(-7). Let n = -1201 + q. What is the units digit of n?
5
Let k(x) = -x**3 - 7*x**2 + 10*x + 14. Let q be 108/8*(-6)/9. What is the tens digit of k(q)?
8
Suppose -55*w - 18*w + 579768 = -5*w. What is the tens digit of w?
2
Let m(b) = 1528*b + 7522. What is the hundreds digit of m(24)?
1
Suppose 5*a - 2*o - 36952 = 0, -3*a = -o - 19134 - 3036. What is the tens digit of a?
8
Let a be (-1903 - -2) + -3*4/(-12). Let k = a + 3648. What is the hundreds digit of k?
7
Let c = 13563 + 4712. What is the units digit of c?
5
Let t(f) = f*